= m + 9. List the prime factors of 36/o + (1 - 1).
3
Suppose k - 10 = 3*x, -x - 4 = 2*x + 5*k. Let h = x + 8. Suppose 3*p - h*p + 28 = 0. List the prime factors of p.
2, 7
Suppose 104 - 584 = -6*g. What are the prime factors of g?
2, 5
Suppose t + 3*b + 21 = 2*t, 5*t + 4*b - 105 = 0. What are the prime factors of t?
3, 7
Suppose -120 = -8*d + 5*d. List the prime factors of d.
2, 5
List the prime factors of (10/6)/((-2)/(-90)) + 1.
2, 19
Suppose 0 = c + c - 146. What are the prime factors of c?
73
Let t(n) = 0*n**2 + 0 + 0 + n**2 - n. List the prime factors of t(2).
2
Suppose -i + 0 + 10 = 0. Suppose -i = -p - p. What are the prime factors of p?
5
Let s(o) = -2*o - 7. Let f be s(-6). Suppose -3*l + t + 13 = -0, 0 = 5*l - f*t - 5. What are the prime factors of 3/3*(l - 1)?
5
Let j(t) = -t**2 - t + 6. Let z be j(0). Let y(l) = 5*l - z + 3 - 2*l - l + 2*l**2. What are the prime factors of y(-3)?
3
Suppose -3*r - 8 + 17 = 0. Suppose -q + 71 = -5*z, -2*q + 4*z = r*q - 250. What are the prime factors of q?
2, 23
Let v(s) = -s**2 + 9*s + 1. Let u be 265/(-30) + 1/(-6). Let h be -16*(u/(-3))/(-6). What are the prime factors of v(h)?
3
Let n be 0 + 37 + -1 + 2. Suppose -4*y = -3*z + n, z = 6*z - 2*y - 54. List the prime factors of z.
2, 5
Suppose -2*j + 278 = -0*j + x, x = 2*j - 274. List the prime factors of j.
2, 3, 23
Suppose -7*t - 68 = -8*t. What are the prime factors of t?
2, 17
Suppose 4*z = 6*z + 32. Let f = z + 29. What are the prime factors of f?
13
Let w(r) = r**2 + 6*r + 5. List the prime factors of w(-6).
5
Suppose 5*j - 4*u = 175, 4*j = -j + u + 190. Suppose 5*a - j = -4. Let v(o) = -o**2 + 10*o - 7. What are the prime factors of v(a)?
2, 7
Let g = -41 + 28. Let w be (-2 - 0)/(1/12). Let j = g - w. List the prime factors of j.
11
Let d be -2 + (19 - 2)*1. Let g(c) = -c - 8. Let i be g(-5). Let y = i + d. What are the prime factors of y?
2, 3
Let r = -25 - -35. What are the prime factors of r?
2, 5
Let f = -8 - -13. Let w(t) = -t**3 - 12*t**2 - 3*t - 29. Let p be w(-12). Suppose 4*o - f = p. List the prime factors of o.
3
Suppose m + 19 = -5*x, 4*x + 17 = x - 2*m. Let a be 0/((-1 + -2)/x). Suppose d - 8 + 3 = a. What are the prime factors of d?
5
Suppose 0 = -5*c - 25, -2*a + 5*c + 50 = 3*a. Suppose -a*m + 4 = -3*m. List the prime factors of m.
2
Let o(i) = -i**2 - 6*i + 6. Let t = 14 - 10. Suppose -t = -4*s, -2*l - 6*s - 8 = -2*s. What are the prime factors of o(l)?
2, 3
Suppose -3*o + 4*q + 0 - 2 = 0, 5 = -5*q. Let g be o/6 + 14/6. Suppose 18 = -0*r + g*r. What are the prime factors of r?
3
Suppose -10 = -2*n, 3*y - 3*n = -264 + 54. List the prime factors of ((-58)/(-10))/((-13)/y).
29
Let x = -76 - -116. Let l = x + -18. What are the prime factors of l?
2, 11
Suppose h = 3, u = 4*u - 4*h - 138. Let d = 72 - u. Let v = 39 - d. What are the prime factors of v?
17
Let q be 2/(2 - (-8)/(-6)). Suppose q*w + 3*f = 9, 5*w - 35 = -0*f - f. List the prime factors of w.
2
Let y be (-52)/9 + (-2)/9. List the prime factors of 93/7 - y/(-21).
13
Let j(z) = 3*z - 18. Suppose q - 4 = 5*u, u + 4*q - 3 - 13 = 0. Let b = u + 12. List the prime factors of j(b).
2, 3
Suppose k - 2*k = y - 1, 3*y - k - 7 = 0. Suppose j + y*j = 15. Suppose -j*d - 12 = -q, -4*d + 36 = 3*q - 0*q. List the prime factors of q.
2, 3
Let b = -163 - -298. What are the prime factors of b?
3, 5
Suppose 9*s - 1750 = 4*s. What are the prime factors of s?
2, 5, 7
Suppose -5 = 2*y - 7. What are the prime factors of (y/3)/(2/78)?
13
Let r(l) = -l**3 - 2*l**2 - 3*l. Let a be r(-3). Suppose 0 = -5*m + 3*y + 132, 0*m = 2*m - y - 53. Let c = m - a. List the prime factors of c.
3
What are the prime factors of (-2 + 1)*43/(-1)?
43
Let l(u) = -u + 5. Let j be l(4). Let h be 2*j + 9/(-3). List the prime factors of h/(2*(-1)/20).
2, 5
Suppose 0 = 3*j + 3*f + 410 + 766, -4*j - 1604 = -5*f. List the prime factors of j/(-63) + 4/(-14).
2, 3
Suppose 0 = -4*l - 0*l - 24. List the prime factors of (-37)/(-7) + l/21.
5
Suppose 9*z + 212 = 13*z. What are the prime factors of z?
53
Let y(x) = 22*x**2 - 1. Suppose 2*z + 2*z = 4*i + 4, z = -3*i + 13. Suppose 0 = 4*j + 2*g - 8 + 2, 0 = -i*j - 5*g + 22. What are the prime factors of y(j)?
3, 7
Let n(y) = 8*y**3 + 3*y - 2. Let s be n(2). Suppose 5*v - 3*v = s. Suppose -3*k - 36 = -4*d - 0*k, -5*d + v = -k. What are the prime factors of d?
2, 3
Let s = -2 - 18. Suppose -4*u - 4*v = v + 3, -u - 4*v = -2. What are the prime factors of (s/(-6))/(u/(-3))?
5
Suppose 16*k + 235 = 21*k. List the prime factors of k.
47
Let g(i) = -11*i**2 + 3*i**3 + i**3 + 6 - 5*i**3. List the prime factors of g(-11).
2, 3
Suppose 3*m = m + 54. Let g be 2/(-4) + m/2. Suppose -2*l = -5 - g. What are the prime factors of l?
3
Let o(c) = -c - 7. Let b be o(0). Let f = -2 - b. What are the prime factors of f?
5
Suppose c - 6*c + 18 = 3*n, 24 = 4*n + 5*c. Let y(u) = -u**2 - 9*u + 5. Let b be y(-9). Suppose 2 = -b*j + n*j. What are the prime factors of j?
2
Suppose 3*y - 5*c - 20 = 0, -6*y + y + 4*c + 16 = 0. Suppose h - 3*h + 6 = y. Suppose 2*i + 2*i - 28 = -w, -h*i - 48 = -5*w. List the prime factors of w.
2, 3
Suppose -z = 4*u - 19, 5*z - u - 137 = -0*u. Suppose 4*o = 2*f + 2*f - 20, -5*f + z = -3*o. List the prime factors of f.
2, 3
Let k be 1*(-32 - (3 + -2)). Let d = -19 - k. List the prime factors of d.
2, 7
Let t(r) = -3*r - 3. Let a be t(-2). Suppose -2*y - a*v = 3, -2*y + 8 = v + 1. What are the prime factors of y?
2, 3
Let d(t) = -t**3 - t**2 - t - 1. Let q(p) = 42*p**3 + 7*p**2 + 7*p + 6. Let o(b) = -6*d(b) - q(b). List the prime factors of o(-1).
2, 3
Let i(c) = c**3 - 3*c**2 - 2*c - 33. List the prime factors of i(8).
271
Suppose -2 = 2*q - 3*q. Suppose 3 = q*b + 7, 2*o = -3*b + 28. What are the prime factors of o?
17
Suppose -o = -3*o + 12. Suppose -3*z - 153 = -o*z - w, -2*z + 4*w + 88 = 0. Suppose 5*n - z = 5*k, 0*n - 22 = -4*n - 2*k. List the prime factors of n.
7
Let m(g) = 12*g**3 + g**2. Let q be m(1). Suppose u - q = -4*s, -5*u = -3*s - 2*u - 9. List the prime factors of s.
2
What are the prime factors of 160 + -1 + (21 - 20)?
2, 5
Let y(m) = -5 - m + 0*m + 14. Let j be y(6). List the prime factors of (-15 + 6)/(j/(-2)).
2, 3
Let h(f) = 3*f**3 + 8*f**2 - 10*f. Let z(v) = -7*v**3 + 23*v - 16*v**2 - 2*v + 0*v**2. Let i(m) = 9*h(m) + 4*z(m). What are the prime factors of i(7)?
7
Let d(f) = f**2 - 3*f - 5. Let t be d(5). Suppose -t*y = -3*y + 4. What are the prime factors of (y/3)/(4/(-66))?
11
Suppose 6*o - 225 = o. What are the prime factors of o?
3, 5
Suppose -6*n + 5*p = -2*n - 31, -12 = 4*p. List the prime factors of n/16 - 27/(-4).
7
Let f = 12 + 29. What are the prime factors of f?
41
Let f be 0 - -3 - (-2 - -3). Suppose 0*n - f*n = -90. Suppose -4*m - 4 = 0, -2*p - 3*m + n = 2*p. What are the prime factors of p?
2, 3
Let z(u) = -u**3 - 5*u**2 - 3*u + 1. Let r be (-15)/6*(-6)/(-5). Let x be z(r). Let b = -1 - x. List the prime factors of b.
7
Let p(b) = -b**3 - 5*b**2 - 4*b + 4. List the prime factors of p(-4).
2
Suppose -5*f + 6 + 4 = 0. What are the prime factors of -2 + (-68)/(-4) + f?
17
Let l(t) = -t + 1. Let f be l(0). What are the prime factors of 15 - (f - 0 - 0)?
2, 7
Let d(l) = 8*l**3 + 3*l**3 - l + 2*l. Let r be d(1). Let p = r + -7. List the prime factors of p.
5
Let x(j) = -j**3 + 7*j**2 + j + 16. List the prime factors of x(7).
23
Suppose -4*m + 4*d + 28 = 0, 4*m + 3*d = -d + 4. Let g(n) = 3 + 8*n + m - 2*n - n**2. List the prime factors of g(5).
2, 3
Suppose 4*f + 0*f = -2*l + 52, 3*l = f - 20. What are the prime factors of f?
2, 7
Suppose p = -1, 0 = -2*u - 3*u + 3*p + 1488. List the prime factors of u.
3, 11
Let c = 3 + -3. Suppose -u - 5*a - 22 = c, -2*a = -0*u - 5*u - 29. Let s = -5 - u. What are the prime factors of s?
2
Suppose 0 = -b + 3*b - 14. Let o(c) = -2*c**2 - 3*c - 3. Let f be o(-2). Let h = f + b. What are the prime factors of h?
2
List the prime factors of (-4)/(-10)*(5 - -5).
2
Suppose 2*f + 11 - 55 = 0. Suppose 3*d + 2*d + 5 = 2*a, -d + 5*a + f = 0. Let l(r) = r**2 + 3. List the prime factors of l(d).
2, 3
Suppose 1 = 2*r - 5. Suppose r*b - t + 4 = 0, -1 - 6 = 4*b - t. List the prime factors of (-2*1)/(b/15).
2, 5
Let r(f) = -f**3 - 16*f**2 - 19*f + 21. List the prime factors of r(-16).
5, 13
Let p(r) = -r**2 + 17*r + 25. What are 